ainder when 36207 is divided by 285.
12
What is the remainder when 14835 is divided by 14810?
25
What is the remainder when 2735 is divided by 338?
31
What is the remainder when 1015557 is divided by 31?
28
Calculate the remainder when 3891 is divided by 14.
13
What is the remainder when 483022 is divided by 34?
18
Calculate the remainder when 15551618 is divided by 687.
686
What is the remainder when 1186607 is divided by 118?
117
Calculate the remainder when 3666 is divided by 26.
0
Calculate the remainder when 516577 is divided by 92.
89
Calculate the remainder when 30129 is divided by 131.
130
What is the remainder when 26913 is divided by 589?
408
Calculate the remainder when 526 is divided by 53.
49
What is the remainder when 45724 is divided by 672?
28
What is the remainder when 920 is divided by 441?
38
What is the remainder when 1667 is divided by 804?
59
What is the remainder when 2282188 is divided by 31?
30
Calculate the remainder when 21880 is divided by 134.
38
Calculate the remainder when 77309 is divided by 1546.
9
Calculate the remainder when 80797 is divided by 111.
100
Calculate the remainder when 1735965 is divided by 169.
166
What is the remainder when 2008 is divided by 854?
300
Calculate the remainder when 816 is divided by 258.
42
What is the remainder when 15222 is divided by 5067?
21
Calculate the remainder when 2891 is divided by 222.
5
Calculate the remainder when 642 is divided by 386.
256
What is the remainder when 97941 is divided by 12241?
13
What is the remainder when 323725 is divided by 308?
17
Calculate the remainder when 15970 is divided by 883.
76
Calculate the remainder when 186540 is divided by 46622.
52
What is the remainder when 935 is divided by 89?
45
What is the remainder when 33139 is divided by 61?
16
Calculate the remainder when 591 is divided by 198.
195
What is the remainder when 3368 is divided by 367?
65
What is the remainder when 10619 is divided by 7?
0
What is the remainder when 338 is divided by 64?
18
Calculate the remainder when 213767 is divided by 297.
224
Calculate the remainder when 41117 is divided by 29.
24
Calculate the remainder when 185256 is divided by 345.
336
What is the remainder when 150613 is divided by 343?
36
What is the remainder when 13608 is divided by 75?
33
What is the remainder when 121215 is divided by 3673?
6
What is the remainder when 3331283 is divided by 27?
23
What is the remainder when 1332 is divided by 665?
2
What is the remainder when 3132 is divided by 1021?
69
What is the remainder when 565956 is divided by 3748?
8
Calculate the remainder when 67666 is divided by 22.
16
Calculate the remainder when 3791 is divided by 40.
31
What is the remainder when 908576 is divided by 12?
8
Calculate the remainder when 3379 is divided by 757.
351
Calculate the remainder when 12674 is divided by 1151.
13
Calculate the remainder when 49471 is divided by 35.
16
Calculate the remainder when 159183 is divided by 43.
40
What is the remainder when 933 is divided by 247?
192
What is the remainder when 2430 is divided by 510?
390
Calculate the remainder when 17433 is divided by 18.
9
Calculate the remainder when 5670 is divided by 448.
294
What is the remainder when 18083 is divided by 6011?
50
What is the remainder when 3461 is divided by 675?
86
What is the remainder when 338297 is divided by 2211?
14
Calculate the remainder when 11523 is divided by 1007.
446
What is the remainder when 99873 is divided by 49862?
149
What is the remainder when 69854 is divided by 1887?
35
Calculate the remainder when 128629 is divided by 159.
157
Calculate the remainder when 2912 is divided by 2858.
54
Calculate the remainder when 959 is divided by 137.
0
What is the remainder when 7286 is divided by 20?
6
What is the remainder when 1608497 is divided by 125?
122
What is the remainder when 10106 is divided by 729?
629
What is the remainder when 5464 is divided by 1361?
20
Calculate the remainder when 71040 is divided by 573.
561
Calculate the remainder when 1444 is divided by 302.
236
Calculate the remainder when 3363 is divided by 589.
418
What is the remainder when 9783 is divided by 147?
81
What is the remainder when 155295 is divided by 155291?
4
Calculate the remainder when 4966 is divided by 81.
25
What is the remainder when 42459 is divided by 150?
9
Calculate the remainder when 574317 is divided by 20.
17
Calculate the remainder when 24231 is divided by 233.
232
Calculate the remainder when 6679 is divided by 246.
37
What is the remainder when 2273 is divided by 700?
173
What is the remainder when 261097 is divided by 7?
4
Calculate the remainder when 150738 is divided by 50223.
69
Calculate the remainder when 8181 is divided by 42.
33
Calculate the remainder when 4556 is divided by 107.
62
Calculate the remainder when 14842 is divided by 36.
10
What is the remainder when 13729 is divided by 132?
1
Calculate the remainder when 2044 is divided by 667.
43
Calculate the remainder when 148156 is divided by 823.
16
Calculate the remainder when 20575 is divided by 179.
169
What is the remainder when 53535 is divided by 83?
0
What is the remainder when 65944 is divided by 6?
4
Calculate the remainder when 21081 is divided by 4.
1
What is the remainder when 3709 is divided by 50?
9
Calculate the remainder when 52120 is divided by 14.
12
What is the remainder when 39075 is divided by 22?
3
Calculate the remainder when 36029 is divided by 35827.
202
Calculate the remainder when 426 is divided by 224.
202
Calculate the remainder when 16745 is divided by 135.
5
Calculate the remainder when 53864 is divided by 67.
63
What is the remainder when 14875 is divided by 339?
298
Calculate the remainder when 5550 is divided by 7.
6
What is the remainder when 6609 is divided by 306?
183
What is the remainder when 14090 is divided by 606?
152
What is the remainder when 126015 is divided by 25200?
15
Calculate the remainder when 246741 is divided by 30.
21
What is the remainder when 1231197 is divided by 160?
157
Calculate the remainder when 1755 is divided by 365.
295
What is the remainder when 15919 is divided by 87?
85
What is the remainder when 132988 is divided by 11?
9
Calculate the remainder when 796 is divided by 785.
11
Calculate the remainder when 837551 is divided by 53.
45
Calculate the remainder when 589135 is divided by 60.
55
Calculate the remainder when 234 is divided by 129.
105
What is the remainder when 17727 is divided by 23?
17
Calculate the remainder when 59911 is divided by 1664.
7
What is the remainder when 6980007 is divided by 113?
110
Calculate the remainder when 128249 is divided by 128.
121
Calculate the remainder when 412089 is divided by 137362.
3
Calculate the remainder when 16929 is divided by 30.
9
Calculate the remainder when 7024 is divided by 1193.
1059
Calculate the remainder when 81948 is divided by 13657.
6
Calculate the remainder when 17060 is divided by 24.
20
Calculate the remainder when 72662 is divided by 18160.
22
Calculate the remainder when 5363 is divided by 340.
263
Calculate the remainder when 344091 is divided by 176.
11
Calculate the remainder when 2119448 is divided by 38.
36
What is the remainder when 102956 is divided by 104?
100
Calculate the remainder when 2026 is divided by 110.
46
Calculate the remainder when 10571 is divided by 404.
67
What is the remainder when 40458 is divided by 4495?
3
What is the remainder when 781 is divided by 188?
29
What is the remainder when 54277 is divided by 184?
181
Calculate the remainder when 4180 is divided by 39.
7
Calculate the remainder when 4078 is divided by 61.
52
What is the remainder when 403626 is divided by 101?
30
Calculate the remainder when 119312 is divided by 365.
322
Calculate the remainder when 8493 is divided by 189.
177
Calculate the remainder when 142639 is divided by 322.
315
Calculate the remainder when 365797 is divided by 248.
245
Calculate the remainder when 145449 is divided by 57.
42
Calculate the remainder when 7053 is divided by 2055.
888
What is the remainder when 6090 is divided by 149?
130
What is the remainder when 62630 is divided by 9?
8
What is the remainder when 2469 is divided by 50?
19
What is the remainder when 7055 is divided by 368?
63
What is the remainder when 2668